{"id":1288,"date":"2021-02-01T10:47:39","date_gmt":"2021-02-01T09:47:39","guid":{"rendered":"http:\/\/ijkrorc.cluster030.hosting.ovh.net\/Wp\/?page_id=1288"},"modified":"2021-02-12T00:15:50","modified_gmt":"2021-02-11T23:15:50","slug":"cycle-de-production","status":"publish","type":"page","link":"https:\/\/www.spirulinedujura.fr\/index.php\/cycle-de-production\/","title":{"rendered":"Cycle de production"},"content":{"rendered":"<p><section class=\"kc-elm kc-css-170884 kc_row\"><div class=\"kc-row-container  kc-container\"><div class=\"kc-wrap-columns\"><div class=\"kc-elm kc-css-911276 kc_col-sm-6 kc_column kc_col-sm-6\"><div class=\"kc-col-container\">\r\n\t\t\t<div class=\"kc-elm kc-css-997675 kc-cbx kc-cbx-top\">\r\n\t\t\t\t<div class=\"kc-cbx-front\">\r\n\t\t\t\t\t<div class=\"kc-cbx-front-content\">\r\n\t\t\t\t\t\t<div class=\"kc-cbx-box-content\">\r\n\t\t\t\t\t\t\t\r\n\t\t\t\t\t\t\t\t\t\t\t\t\t\t\t<div class=\"kc-cbx-title\">La filtration<\/div>\r\n\t\t\t\t\t\t\t\r\n\t\t\t\t\t\t\t\t\t\t\t\t\t\t\t<div class=\"kc-cbx-desc\">Nous utilisons un tissu de filtration qui retient la spiruline et laisse passer le milieu de culture.<\/div>\r\n\t\t\t\t\t\t\t\t\t\t\t\t\t<\/div>\r\n\t\t\t\t\t<\/div>\r\n\t\t\t\t<\/div>\r\n\r\n\t\t\t\t<div class=\"kc-cbx-back\">\r\n\t\t\t\t\t<div class=\"kc-cbx-back-content\">\r\n\t\t\t\t\t\t<div class=\"kc-cbx-box-content\">\n\n<div class=\"image_fadein_slider kc-elm kc-css-799215 \">\n\t<h3>La filtration<\/h3>\t<div data-delay=\"3000\" class=\"image_fadein\" data-images=\"1292,1310\">\n\t<img decoding=\"async\" src=\"https:\/\/www.spirulinedujura.fr\/wp-content\/uploads\/2021\/02\/table_recolte.jpeg\" \/><img decoding=\"async\" src=\"https:\/\/www.spirulinedujura.fr\/wp-content\/uploads\/2021\/02\/biomasse800x600.jpg\" \/>\t<\/div>\n<\/div>\n<\/div>\r\n\t\t\t\t\t<\/div>\r\n\t\t\t\t<\/div>\r\n\t\t\t<\/div>\r\n\r\n\t\t<\/div><\/div><div class=\"kc-elm kc-css-164595 kc_col-sm-6 kc_column kc_col-sm-6\"><div class=\"kc-col-container\">\r\n\t\t\t<div class=\"kc-elm kc-css-46056 kc-cbx kc-cbx-top\">\r\n\t\t\t\t<div class=\"kc-cbx-front\">\r\n\t\t\t\t\t<div class=\"kc-cbx-front-content\">\r\n\t\t\t\t\t\t<div class=\"kc-cbx-box-content\">\r\n\t\t\t\t\t\t\t\r\n\t\t\t\t\t\t\t\t\t\t\t\t\t\t\t<div class=\"kc-cbx-title\">Le pressage<\/div>\r\n\t\t\t\t\t\t\t\r\n\t\t\t\t\t\t\t\t\t\t\t\t\t\t\t<div class=\"kc-cbx-desc\">Cela consiste \u00e0 extraire le maximum d\u2019eau de la spiruline en la pressant.\r\nLa spiruline obtenue est appel\u00e9e \u00ab spiruline fra\u00eeche \u00bb.<\/div>\r\n\t\t\t\t\t\t\t\t\t\t\t\t\t<\/div>\r\n\t\t\t\t\t<\/div>\r\n\t\t\t\t<\/div>\r\n\r\n\t\t\t\t<div class=\"kc-cbx-back\">\r\n\t\t\t\t\t<div class=\"kc-cbx-back-content\">\r\n\t\t\t\t\t\t<div class=\"kc-cbx-box-content\">\n\n<div class=\"image_fadein_slider kc-elm kc-css-921240 \">\n\t<h3>Le pressage<\/h3>\t<div data-delay=\"3000\" class=\"image_fadein\" data-images=\"1309,1308\">\n\t<img decoding=\"async\" src=\"https:\/\/www.spirulinedujura.fr\/wp-content\/uploads\/2021\/02\/presse1_800x600.jpg\" \/><img decoding=\"async\" src=\"https:\/\/www.spirulinedujura.fr\/wp-content\/uploads\/2021\/02\/presse2_800x600.jpg\" \/>\t<\/div>\n<\/div>\n<\/div>\r\n\t\t\t\t\t<\/div>\r\n\t\t\t\t<\/div>\r\n\t\t\t<\/div>\r\n\r\n\t\t<\/div><\/div><\/div><\/div><\/section><section class=\"kc-elm kc-css-382062 kc_row\"><div class=\"kc-row-container  kc-container\"><div class=\"kc-wrap-columns\"><div class=\"kc-elm kc-css-264500 kc_col-sm-6 kc_column kc_col-sm-6\"><div class=\"kc-col-container\">\r\n\t\t\t<div class=\"kc-elm kc-css-564348 kc-cbx kc-cbx-top\">\r\n\t\t\t\t<div class=\"kc-cbx-front\">\r\n\t\t\t\t\t<div class=\"kc-cbx-front-content\">\r\n\t\t\t\t\t\t<div class=\"kc-cbx-box-content\">\r\n\t\t\t\t\t\t\t\r\n\t\t\t\t\t\t\t\t\t\t\t\t\t\t\t<div class=\"kc-cbx-title\">La mise en forme<\/div>\r\n\t\t\t\t\t\t\t\r\n\t\t\t\t\t\t\t\t\t\t\t\t\t\t\t<div class=\"kc-cbx-desc\">Le principe est de mettre la spiruline sous forme de filaments afin de la s\u00e9cher de mani\u00e8re homog\u00e8ne.\r\nNous utilisons une filiaire permettant de r\u00e9aliser ces filaments de petits diam\u00e8tres sur des claies de s\u00e9chage.<\/div>\r\n\t\t\t\t\t\t\t\t\t\t\t\t\t<\/div>\r\n\t\t\t\t\t<\/div>\r\n\t\t\t\t<\/div>\r\n\r\n\t\t\t\t<div class=\"kc-cbx-back\">\r\n\t\t\t\t\t<div class=\"kc-cbx-back-content\">\r\n\t\t\t\t\t\t<div class=\"kc-cbx-box-content\">\n\n<div class=\"image_fadein_slider kc-elm kc-css-601503 \">\n\t<h3>Mise en forme<\/h3>\t<div data-delay=\"3000\" class=\"image_fadein\" data-images=\"1313,1314\">\n\t<img decoding=\"async\" src=\"https:\/\/www.spirulinedujura.fr\/wp-content\/uploads\/2021\/02\/MiseEnForme2_800x600.jpeg\" \/><img decoding=\"async\" src=\"https:\/\/www.spirulinedujura.fr\/wp-content\/uploads\/2021\/02\/MiseEnForme800x600-1.jpg\" \/>\t<\/div>\n<\/div>\n<\/div>\r\n\t\t\t\t\t<\/div>\r\n\t\t\t\t<\/div>\r\n\t\t\t<\/div>\r\n\r\n\t\t<\/div><\/div><div class=\"kc-elm kc-css-289203 kc_col-sm-6 kc_column kc_col-sm-6\"><div class=\"kc-col-container\">\r\n\t\t\t<div class=\"kc-elm kc-css-251474 kc-cbx kc-cbx-top\">\r\n\t\t\t\t<div class=\"kc-cbx-front\">\r\n\t\t\t\t\t<div class=\"kc-cbx-front-content\">\r\n\t\t\t\t\t\t<div class=\"kc-cbx-box-content\">\r\n\t\t\t\t\t\t\t\r\n\t\t\t\t\t\t\t\t\t\t\t\t\t\t\t<div class=\"kc-cbx-title\">Le s\u00e9chage<\/div>\r\n\t\t\t\t\t\t\t\r\n\t\t\t\t\t\t\t\t\t\t\t\t\t\t\t<div class=\"kc-cbx-desc\">Une fois la spiruline extrud\u00e9e sur des claies, le s\u00e9chage est r\u00e9alis\u00e9. Il est important de la s\u00e9cher \u00e0 une temp\u00e9rature la plus basse possible (entre 27 et 40\u00b0C).\r\nC\u2019est pour cela qu\u2019un s\u00e9choir thermodynamique coupl\u00e9 \u00e0 un capteur solaire est utilis\u00e9.<\/div>\r\n\t\t\t\t\t\t\t\t\t\t\t\t\t<\/div>\r\n\t\t\t\t\t<\/div>\r\n\t\t\t\t<\/div>\r\n\r\n\t\t\t\t<div class=\"kc-cbx-back\">\r\n\t\t\t\t\t<div class=\"kc-cbx-back-content\">\r\n\t\t\t\t\t\t<div class=\"kc-cbx-box-content\">\n\n<div class=\"image_fadein_slider kc-elm kc-css-119919 \">\n\t<h3>Le s\u00e9chage<\/h3>\t<div data-delay=\"3000\" class=\"image_fadein\" data-images=\"1315\">\n\t<img decoding=\"async\" src=\"https:\/\/www.spirulinedujura.fr\/wp-content\/uploads\/2021\/02\/Secheur800x600.jpg\" \/>\t<\/div>\n<\/div>\n<\/div>\r\n\t\t\t\t\t<\/div>\r\n\t\t\t\t<\/div>\r\n\t\t\t<\/div>\r\n\r\n\t\t<\/div><\/div><\/div><\/div><\/section><\/p>\n","protected":false},"excerpt":{"rendered":"","protected":false},"author":1,"featured_media":0,"parent":0,"menu_order":0,"comment_status":"closed","ping_status":"closed","template":"","meta":{"footnotes":""},"class_list":["post-1288","page","type-page","status-publish","hentry"],"_links":{"self":[{"href":"https:\/\/www.spirulinedujura.fr\/index.php\/wp-json\/wp\/v2\/pages\/1288","targetHints":{"allow":["GET"]}}],"collection":[{"href":"https:\/\/www.spirulinedujura.fr\/index.php\/wp-json\/wp\/v2\/pages"}],"about":[{"href":"https:\/\/www.spirulinedujura.fr\/index.php\/wp-json\/wp\/v2\/types\/page"}],"author":[{"embeddable":true,"href":"https:\/\/www.spirulinedujura.fr\/index.php\/wp-json\/wp\/v2\/users\/1"}],"replies":[{"embeddable":true,"href":"https:\/\/www.spirulinedujura.fr\/index.php\/wp-json\/wp\/v2\/comments?post=1288"}],"version-history":[{"count":22,"href":"https:\/\/www.spirulinedujura.fr\/index.php\/wp-json\/wp\/v2\/pages\/1288\/revisions"}],"predecessor-version":[{"id":1450,"href":"https:\/\/www.spirulinedujura.fr\/index.php\/wp-json\/wp\/v2\/pages\/1288\/revisions\/1450"}],"wp:attachment":[{"href":"https:\/\/www.spirulinedujura.fr\/index.php\/wp-json\/wp\/v2\/media?parent=1288"}],"curies":[{"name":"wp","href":"https:\/\/api.w.org\/{rel}","templated":true}]}}